the units digit of 5462353707?
7
What is the ten thousands digit of 615991988?
9
What is the hundred thousands digit of 431569382?
5
What is the hundreds digit of 1478069842?
8
What is the hundreds digit of 30738585?
5
What is the millions digit of 2085225706?
5
What is the thousands digit of 856064529?
4
What is the hundreds digit of 231147567?
5
What is the hundred thousands digit of 2475392292?
3
What is the units digit of 103072172?
2
What is the units digit of 9445754828?
8
What is the hundred thousands digit of 237641747?
6
What is the hundreds digit of 23898895?
8
What is the thousands digit of 160965946?
5
What is the millions digit of 14867383?
4
What is the millions digit of 1724716636?
4
What is the ten thousands digit of 238835749?
3
What is the hundred thousands digit of 70693470?
6
What is the ten thousands digit of 1620784462?
8
What is the hundred thousands digit of 156126099?
1
What is the hundreds digit of 1397690498?
4
What is the millions digit of 1810583154?
0
What is the hundred thousands digit of 15540832?
5
What is the millions digit of 551187201?
1
What is the units digit of 1292653609?
9
What is the hundred thousands digit of 1216183512?
1
What is the units digit of 1823639694?
4
What is the tens digit of 425562637?
3
What is the ten millions digit of 177096162?
7
What is the ten millions digit of 25934299?
2
What is the thousands digit of 179043213?
3
What is the units digit of 60608024?
4
What is the ten millions digit of 2866850237?
6
What is the ten millions digit of 24312370?
2
What is the hundreds digit of 3844347665?
6
What is the ten thousands digit of 196004224?
0
What is the tens digit of 636121950?
5
What is the units digit of 4340991460?
0
What is the tens digit of 58455325?
2
What is the hundred millions digit of 363590738?
3
What is the millions digit of 568154086?
8
What is the millions digit of 51725686?
1
What is the hundred thousands digit of 31308238?
3
What is the hundred millions digit of 122037558?
1
What is the ten millions digit of 201191209?
0
What is the units digit of 848409303?
3
What is the millions digit of 741118461?
1
What is the millions digit of 396530409?
6
What is the ten millions digit of 274923590?
7
What is the hundred thousands digit of 222385779?
3
What is the hundred millions digit of 764880570?
7
What is the tens digit of 343656096?
9
What is the tens digit of 30399981?
8
What is the hundreds digit of 53842952?
9
What is the hundred thousands digit of 13434956?
4
What is the hundred millions digit of 107123128?
1
What is the hundred millions digit of 101430958?
1
What is the ten thousands digit of 32086487?
8
What is the thousands digit of 24668749?
8
What is the hundred millions digit of 604882934?
6
What is the ten thousands digit of 176097582?
9
What is the units digit of 517303581?
1
What is the hundred thousands digit of 8074821?
0
What is the millions digit of 40046684?
0
What is the ten thousands digit of 5706191?
0
What is the billions digit of 1885106963?
1
What is the thousands digit of 20610987?
0
What is the ten millions digit of 38830974?
3
What is the tens digit of 6639518851?
5
What is the thousands digit of 7623122428?
2
What is the hundreds digit of 1415098339?
3
What is the tens digit of 75950961?
6
What is the hundred thousands digit of 11232698?
2
What is the millions digit of 43323360?
3
What is the tens digit of 19876876?
7
What is the units digit of 55579358?
8
What is the tens digit of 2810524?
2
What is the hundreds digit of 5865051484?
4
What is the thousands digit of 1255507975?
7
What is the hundred thousands digit of 4234587272?
5
What is the units digit of 51397563?
3
What is the units digit of 2543695287?
7
What is the hundred millions digit of 142936803?
1
What is the hundreds digit of 74991884?
8
What is the hundred thousands digit of 50783979?
7
What is the millions digit of 33070401?
3
What is the millions digit of 26217251?
6
What is the millions digit of 3149342927?
9
What is the ten millions digit of 2212160512?
1
What is the thousands digit of 1347128647?
8
What is the thousands digit of 1023781828?
1
What is the ten millions digit of 1666088507?
6
What is the millions digit of 10505667?
0
What is the hundreds digit of 54288800?
8
What is the ten thousands digit of 616650?
1
What is the hundred thousands digit of 520300914?
3
What is the hundred millions digit of 181646488?
1
What is the hundred thousands digit of 8410748?
4
What is the thousands digit of 177705401?
5
What is the hundred thousands digit of 984255220?
2
What is the millions digit of 117359061?
7
What is the hundred thousands digit of 8646029?
6
What is the tens digit of 152688974?
7
What is the tens digit of 412239325?
2
What is the ten thousands digit of 25311942?
1
What is the ten thousands digit of 83773676?
7
What is the ten millions digit of 13789874?
1
What is the hundred thousands digit of 207637321?
6
What is the hundred thousands digit of 1776430090?
4
What is the millions digit of 307398505?
7
What is the units digit of 31211083?
3
What is the millions digit of 408168069?
8
What is the hundred thousands digit of 2000170599?
1
What is the ten thousands digit of 3231535459?
3
What is the units digit of 119082505?
5
What is the ten millions digit of 4347280557?
4
What is the millions digit of 4610074492?
0
What is the units digit of 97282697?
7
What is the millions digit of 1277206133?
7
What is the units digit of 508811783?
3
What is the hundreds digit of 213963181?
1
What is the millions digit of 6936665?
6
What is the units digit of 2417982545?
5
What is the thousands digit of 217455033?
5
What is the ten millions digit of 103261161?
0
What is the millions digit of 6568040856?
8
What is the millions digit of 42343111?
2
What is the hundreds digit of 134161472?
4
What is the hundred millions digit of 3737365733?
7
What is the hundred thousands digit of 37056146?
0
What is the millions digit of 1062867525?
2
What is the tens digit of 5087613?
1
What is the ten thousands digit of 37548105?
4
What is the ten millions digit of 2157187384?
5
What is the ten millions digit of 2887914994?
8
What is the ten millions digit of 2785462962?
8
What is the ten millions digit of 13339627?
1
What is the hundred millions digit of 600574630?
6
What is the thousands digit of 265844791?
4
What is the ten thousands digit of 370788873?
8
What is the tens digit of 783272078?
7
What is the ten thousands digit of 5635523294?
2
What is the millions digit of 938327524?
8
What is the hundreds digit of 396018298?
2
What is the ten millions digit of 678896030?
7
What is the hundreds digit of 45865166?
1
What is the millions digit of 37842310?
7
What is the ten millions digit of 13163703?
1
What is the hundred thousands digit of 186977144?
9
What is the ten thousands digit of 353739573?
3
What is the millions digit of 27531452?
7
What is the hundreds digit of 1478668417?
4
What is the units digit of 1338380056?
6
What is the tens digit of 27806213?
1
What is the hundred thousands digit of 561680889?
6
What is the ten millions digit of 668601812?
6
What is the ten millions digit of 144505510?
4
What is the ten thousands digit of 40148800?
4
What is the hundreds digit of 55697448?
4
What is the ten thousands digit of 1115350956?
5
What is the hundred millions digit of 503238759?
5
What is the ten thousands digit of 27114624?
1
What is the ten millions digit of 876795888?
7
What is the tens digit of 54958560?
6
What is the millions digit of 1883458744?
3
What is the hundred thousands digit of 290294125?
2
What is the tens digit of 1664222296?
9
What is the units digit of 480974262?
2
What is the millions digit of 1515959365?
5
What is the units digit of 4735069903?
3
What is the ten millions digit of 3584710147?
8
What is the units digit of 97935203?
3
What is the tens digit of 900975486?
8
What is the units digit of 54075762?
2
What is the millions digit of 2230340300?
0
What is the millions digit of 145094224?
5
What is the ten thousands digit of 417793985?
9
What is the hundred thousands digit of 1545773785?
7
What is the hundreds digit of 753117236?
2
What is the units digit of 42833067?
7
What is the hundred thousands digit of 21782129?
7
What is the hundred thousands digit of 78989851?